nd a.
10
Let k be (-2 - (-12)/(-9))/((-8)/108). What is the greatest common divisor of 90 and k?
45
Suppose -12*w = -11*w - 2. Suppose -w*m + 42 = -2*n, -4*m - 2*n + 105 = m. Calculate the greatest common divisor of 105 and m.
21
Let l be (0 - 1)/(3/(5*-3)). Suppose l*y = 31 + 9. What is the highest common divisor of 32 and y?
8
Let h(f) = f**2 - 10*f + 4. Let y be h(4). Let d be ((-15)/y + 0)*28. Calculate the greatest common factor of 3 and d.
3
Suppose 5*z + 3490 = 2*d, 5*d + 5*z - 7403 = 1392. What is the highest common factor of 45 and d?
45
Suppose 3*v - 149 = 2*p, -4*p + 78 = 2*v - 0*p. Calculate the greatest common factor of v and 47.
47
Suppose 326 + 1402 = 54*f. What is the highest common factor of 28 and f?
4
Suppose 6 = 32*p - 31*p. Suppose 44 = p*g - 112. Calculate the highest common factor of g and 286.
26
Let g be 2/10 - (-3798)/10. Let x = g + -240. Suppose -p = -2*p + 28. What is the highest common divisor of x and p?
28
Let l be (20 + -21)/(-1*(-2)/(-590)). Calculate the greatest common divisor of 20 and l.
5
Suppose -4*d + 2 = -6. Suppose 0*g - d*g + 16 = 0. Calculate the highest common divisor of g and 16.
8
Let h(i) = -3 + i**3 - 3 + 12*i + 12*i**2 + 5 + 5. Let d be h(-10). Let q = -13 + 25. What is the highest common factor of q and d?
12
Let k = 195 + -91. What is the highest common divisor of 8 and k?
8
Let s be (-6)/3*1800/(-25). Calculate the greatest common divisor of 16 and s.
16
Let x = 677 - 527. Calculate the highest common factor of 20 and x.
10
Suppose 8*k - 1330 = 254. Suppose k = 7*t - t. Calculate the highest common factor of t and 3.
3
Suppose 5*l = 0, 3*v + 4*l + 30 = 6*v. Let r be 24/10 - (3 + (-26)/v). Calculate the highest common divisor of r and 1.
1
Let r be 11*((-128)/(-12) + 2/(-3)). What is the highest common divisor of 66 and r?
22
Suppose -105 = -2*r - j, 0 = 9*r - 10*r - j + 51. Calculate the highest common factor of r and 594.
54
Suppose 10*i - 15*i + 630 = 0. What is the highest common factor of i and 14?
14
Let q = 30 + -23. Suppose 4*x = q*x - 60. Let h(d) = 11*d**2 - d - 2. Let b be h(-3). What is the greatest common divisor of b and x?
20
Suppose 4*m - 10 = 102. What is the greatest common factor of m and 868?
28
Suppose -5*u - 30 = -10, -5*u = -4*q + 2852. What is the highest common divisor of q and 24?
12
Let x be 16/(-7 + 3) + 1. Let l be (x/9*0)/2. Let u = l - -2. What is the greatest common factor of u and 22?
2
Let l = 39 + -19. Let w(s) = 2*s**2 - 5*s - 12. Let i be w(-4). What is the greatest common factor of l and i?
20
Suppose 180 = 53*m - 50*m. Calculate the highest common divisor of m and 580.
20
Let l = 70 + -32. Suppose 5*i = -4*d + 10, -2*i + 6 = i + 5*d. Suppose -l = -i*k + 34. Calculate the greatest common divisor of 24 and k.
12
Let x = -171 - -181. Suppose 0 = -2*f - 2*f - 56. Let y = -10 - f. Calculate the highest common divisor of y and x.
2
Let f = -5 + 7. Let p = f + 5. Suppose -y = c - 4, -p = -2*y - c + 1. Calculate the greatest common divisor of 8 and y.
4
Let x be ((-870)/12)/((-2)/4). Let q be (1/(3/(-2)))/((-6)/261). What is the greatest common factor of q and x?
29
Let c(b) = 25*b - 110. Let h be c(6). What is the highest common divisor of 16 and h?
8
Let o = -15 + 18. Suppose 4*g - 1213 = -3*d - 280, -o*d + 9 = 0. Suppose 44 + 55 = 3*t. What is the highest common divisor of g and t?
33
Let d = 45 - -278. Suppose -5*u - 32 = 3*c - d, -5*u - 5*c = -285. What is the highest common divisor of u and 90?
30
Let z be 1514 + -8*33/44. Calculate the greatest common factor of 26 and z.
26
Suppose 5*g = -4 + 9, 4*g = 3*f - 161. What is the highest common factor of f and 10?
5
Let y be 5417/19 - ((-1014)/(-247) - 4). Calculate the greatest common factor of 75 and y.
15
Let g(p) = -29*p**3 - p**2 - 20*p - 20. Let i be g(-1). What is the greatest common divisor of i and 868?
28
Suppose 1241*o - 1235*o - 702 = 0. What is the greatest common factor of o and 72?
9
Let s(h) = -h**3 + 2*h**2 + 2*h + 1. Let b be ((-60)/105)/(4/(-14)). Let o be s(b). Calculate the highest common factor of o and 5.
5
Let b = 14 + -12. Suppose -3*a - 5*m + 106 = 0, -a = -5*m - 0 - 42. Suppose -j + 0*f + 2*f = 4, -5*f = 2*j - a. What is the highest common divisor of b and j?
2
Let p(g) = -20*g + 24. Let s be p(-24). Calculate the greatest common divisor of 56 and s.
56
Let l(h) = h**3 - 29*h**2 + 59*h - 91. Let f be l(27). What is the highest common factor of 484 and f?
44
Let c be ((-24)/20)/(9/(-150)). Suppose 43*f - 1740 = 14*f. Calculate the highest common divisor of f and c.
20
Let y(q) = q**3 - 18*q**2 + 41*q + 54. Let o be y(16). Calculate the highest common factor of o and 18.
18
Suppose 11 = -3*v + 26, -37 = a - 4*v. Let j = -4 - a. What is the highest common divisor of 117 and j?
13
Let g(v) be the first derivative of 7*v**2/2 - 28*v + 16. Let r be g(7). Let w = 6 + 8. Calculate the highest common factor of r and w.
7
Let t(q) = 2*q + 10 + 3*q - 7*q. Let r be t(7). Let a be (30 + 0)/(r/(-6)). What is the greatest common divisor of 18 and a?
9
Let t = -3 - -5. Calculate the highest common divisor of 1 and t.
1
Let v(d) = -2*d**2 - 30*d - 45. Let j be v(-13). Calculate the highest common divisor of j and 7.
7
Let z(y) = 24*y + 994. Let t be z(-40). What is the greatest common divisor of 918 and t?
34
Let i = -84 - -89. Calculate the greatest common factor of i and 155.
5
Let w = -474 + 504. What is the highest common divisor of w and 30?
30
Suppose 4 = -3*x - 4*l, x + 2*x - 16 = l. Let r(g) = -4*g + 3. Let w be r(x). Let s = -10 - w. What is the greatest common factor of s and 3?
3
Suppose 0 = f + f + i + 1, -5*f + 3*i = -25. Suppose -f = x - 21. What is the greatest common divisor of x and 209?
19
Let d be (-7 + -2)/(-2 - -1). Let r = d + -11. Let k be 33/12*(-8)/r. What is the greatest common factor of k and 1?
1
Suppose 198 = 6*j - 54. What is the highest common divisor of 70 and j?
14
Suppose s + 5 = -3*s - 5*g, 0 = 5*g + 5. Suppose s*p + 6 = -3*p. Let v be (-3 - -6) + -2 - p. Calculate the greatest common divisor of 1 and v.
1
Suppose 3 = -4*t + 63. Let x = t + 11. What is the greatest common factor of 91 and x?
13
Let m be ((-10)/(-20))/(((-10)/36)/5). Let r = 8 - m. Calculate the greatest common factor of r and 119.
17
Suppose 2 = -2*y + 3*l + l, -3*l + 26 = -5*y. Let j = y - -104. Let x = j - -15. Calculate the highest common factor of x and 14.
14
Let b be -2 + 2 - (4 + 0 - 7). Let i be (15 + b)*2/3. What is the highest common factor of 24 and i?
12
Let l be 1/(((-42)/522)/(-7)). What is the greatest common factor of 116 and l?
29
Let y(t) = 19*t**3 - 2*t**2 + t. Let a be y(1). Let q be 19 + (3 - 1) + -3. What is the highest common divisor of a and q?
18
Let c = -152 - -221. Let v = 99 - c. Suppose 103 + 32 = 3*r. What is the highest common divisor of r and v?
15
Let y be 2/3 - 44/(-6). Let z = 0 - -3. Suppose -146 + 50 = -z*t. Calculate the greatest common divisor of t and y.
8
Let y be 17/((-850)/40)*-85. What is the greatest common factor of y and 102?
34
Suppose -2720*p = -2724*p + 6588. Calculate the greatest common factor of p and 27.
27
Suppose 0 = 11*u - 10*u - 2. Suppose 60 = 3*j - q - 25, 0 = u*j + 5*q - 51. Calculate the highest common factor of 7 and j.
7
Let w(k) = 3*k**2 - 8*k + 10. Suppose -4*a - m = 4*m - 11, -1 = a + 5*m. Let x be w(a). What is the greatest common divisor of 182 and x?
26
Let f = -261 + 265. What is the greatest common factor of f and 212?
4
Suppose 46*z - 29*z = 408. Calculate the highest common factor of 138 and z.
6
Suppose 7*u + p = 3*u + 423, -2*u = 3*p - 219. What is the highest common divisor of u and 60?
15
Suppose -21*s = -20*s - 1501. What is the highest common divisor of s and 79?
79
Let v(p) = 10*p. Let s be v(6). Let q(g) = g**2. Let r be q(2). Let n be r/(-20) + 242/10. Calculate the greatest common factor of n and s.
12
Suppose 4*p - g - 191 = -482, -2*p - 141 = -5*g. Let q = p + 153. Calculate the greatest common divisor of 10 and q.
10
Suppose -2 = -f - 0, f = 4*u + 10. Let x be 6/(-15)*5/u. Let o be (x - (-54 + 0)) + 0. What is the highest common divisor of 5 and o?
5
Let t(l) = 3*l - 3. Let j(z) = -16*z + 16. Let n(m) = -2*j(m) - 11*t(m). Let w = -22 + 13. Let d be n(w). What is the highest common divisor of d and 90?
10
Let 